*o(k) - 6*w(k). Let b be 3 + (2 + 0 - 11). Determine m(b).
16
Let r = 6 + -10. Let z(n) be the first derivative of n**3/6 - n + 3. Let p(h) be the first derivative of z(h). Give p(r).
-4
Suppose -3*s - 20 = -7*s. Suppose -2*r - k = 2*k + 6, -5*k = -3*r + 10. Let g(w) = -w**2 + r + s*w - 1 + 2 + 4. Determine g(6).
-1
Let i(t) = 5*t**2 - 2*t + 1. Suppose 3*l = 149 - 158. Let p be (l*(-12)/(-27)*-3)/2. Give i(p).
17
Let f(p) = 0*p - 4*p + 5 - 2*p + p + 0*p. Calculate f(7).
-30
Let j(d) be the third derivative of -1/6*d**4 - 1/60*d**5 + 0*d + 0 - 14*d**2 - 1/2*d**3. What is j(-5)?
-8
Let n(b) be the second derivative of 2*b**3/3 + b**2/2 + 65*b. Determine n(1).
5
Suppose 15 + 17 = 8*w. Suppose -r = 4, 7*t - 12 = 3*t + r. Let y(n) = -w*n + 7*n**t + 1 - n + 5*n. Determine y(-1).
8
Let m = 8 - 6. Let c be (2 + -4)/((-1)/m). Let f(h) = c*h - 1 + 0*h + 0 + 2*h. Give f(2).
11
Let r(b) = b**3 - 5*b**2 - 2*b + 7. Let l(o) = o**2 + 3*o + 1. Let x(j) = -j**3 - 2*j**2 + 3*j - 4. Let h be x(-3). Let c be l(h). What is r(c)?
-3
Suppose -3*i = -f + 4*f + 18, 0 = -f + 5*i - 36. Let j(c) = c**2 + 12*c + 12. Let y be j(f). Let l(x) = y + 6*x**3 - 5*x**3 - 5*x - 3*x**2 + 1. Determine l(4).
-2
Let k(t) be the first derivative of t**2/2 + 5*t + 271. Calculate k(-5).
0
Suppose 2*f - 10 = 28. Let k = 31 - f. Suppose -k = -w - w. Let r(n) = -n + 11. Calculate r(w).
5
Let y(m) = 4*m - 9. Let a(i) = 19*i - 47. Let n(b) = 2*a(b) - 11*y(b). Determine n(-7).
47
Let x(o) = -5*o**2 - 3*o**3 - 2 - 2 + 4*o**3. Give x(5).
-4
Let w(p) = -2*p + 12. Suppose q + u - 49 = 3*u, -139 = -3*q + 4*u. Suppose -3*i + 12 = -4*h + q, -5*h + 35 = -5*i. Calculate w(h).
-4
Let t(q) = -24*q**2 + 7*q - 3. Let b(x) = 25*x**2 - 5*x + 2. Let u(y) = 3*b(y) + 2*t(y). Determine u(-1).
28
Let f be 5/(135/6) - 56/9. Let g be f/(-14) - (-3)/(-42)*76. Let w(x) = 2 + 0*x + 5*x - 4*x. Determine w(g).
-3
Let x(s) = s**2 + 16*s + 6. Let f be x(-16). Let o(n) = 6*n**2 + 6*n + 4. Let c(m) = 6*m**2 + 7*m + 5. Let p(i) = f*o(i) - 5*c(i). Calculate p(1).
6
Suppose 2*z + 15 = 29. Suppose -12*c + z*c = 0. Let s(j) = j**2 - j + 6. What is s(c)?
6
Let j(d) = -d**2 - 4*d + 2. Let u(b) = -b**2 - 3*b + 4. Let a be u(-4). Suppose 0 = 3*x - 0*x + r + 53, a = -5*x + 5*r - 55. Let y = x + 11. Calculate j(y).
-3
Suppose -2*q = -2 - 0. Let f be (-2)/(q/2 + -1). Suppose -2*r - 4 = r + 4*t, -3*r + f = 2*t. Let h(l) = l**3 - 4*l**2 - 2*l + 5. Calculate h(r).
-3
Let v be (372/(-651))/((-4)/42). Let h(j) = -10*j + 54. Determine h(v).
-6
Let i = 452 + -459. Let o(c) = 2*c + 15. Determine o(i).
1
Let u(x) = -3*x + 24. Let b(s) = 28*s - 132. Let m be b(5). Calculate u(m).
0
Suppose 0 = -3*d - 69 + 42. Let c(s) be the third derivative of s**4/24 + 11*s**3/6 + 8*s**2. Determine c(d).
2
Let i(z) = -2622*z**3 + 1287*z**3 + 1285*z**3. Give i(1).
-50
Let s(q) = -2*q**2 + 9*q - 2. Let n be 12/3 + -3 - 0/3. Let t be (-14)/35*(n - 16). Calculate s(t).
-20
Let n(s) = -s - 3. Suppose 16 = -2*o - 12. Let g(p) = -4*p - 2. Let u be g(-4). Let q = u + o. Give n(q).
-3
Let b(s) = -s - 20. Let f(h) = -15. Let q(v) = 2*b(v) - 3*f(v). Determine q(-4).
13
Let v be 18/(-4) - 1/(-2). Let s = v - -2. Let g(m) be the first derivative of m**4/4 + m**2 + m - 352. Determine g(s).
-11
Let b(p) be the third derivative of p**6/120 + p**5/10 + p**4/24 - p**3 - 1262*p**2 - 2*p. Let h(y) = -2*y - 2. Let f be h(2). Give b(f).
-12
Let l(m) = -m**3 + 7*m**2 - 5*m - 4. Let w be l(6). Let h(c) = c + 20 - w*c - 29. Calculate h(-7).
-2
Let o be (-6)/(-3 - (-3)/2). Let w(k) = -k**3 + 7*k**2 - 5*k - 2. Calculate w(o).
26
Let r(y) = 6*y + 39. Suppose 5*k + 10 + 15 = c, 5*k + 10 = 4*c. What is r(k)?
3
Suppose -172*i + 176*i = -8. Let f(u) = -u**3 - 3*u**2 - 4*u - 2. Determine f(i).
2
Let t(a) be the third derivative of 1/24*a**4 - 3*a**2 + 0*a - 2/3*a**3 + 0 + 1/60*a**5. Let q = -399 - -396. Determine t(q).
2
Let g(j) be the third derivative of -j**5/15 + j**3 - j**2 + 146*j. Give g(-2).
-10
Let v = 439/402 - -5/67. Let k(c) be the second derivative of 6*c - c**2 + 1/12*c**4 + v*c**3 + 0. What is k(-5)?
-12
Let h(k) be the first derivative of 13*k**3/3 + k - 120. Let t be (-4)/(-12) + 2/(-6). Suppose t = -4*b - y, -b - 2*b + y = -7. What is h(b)?
14
Let c(m) = -m. Let t(u) = -5*u + 9. Let i be t(3). Let s be 6/4*(-8)/i. What is c(s)?
-2
Let y(a) = 3*a. Suppose 0 = 4*i - i - 30. Let x = 14 - i. Suppose -x = -7*b + 8*b. What is y(b)?
-12
Let o(b) be the second derivative of b**6/120 - b**5/60 - b**4/24 + 7*b**3 + 17*b. Let i(w) be the second derivative of o(w). What is i(2)?
7
Let m(f) = f**3 - 8*f**2 + 7*f - 7. Let n(l) = -3*l - 53. Let j be n(-20). Determine m(j).
-7
Let o(m) be the second derivative of m**5/20 + 5*m**4/12 + 2*m**3/3 + 11*m**2 - 17*m + 2. Give o(-5).
2
Let u(v) = 5*v**2 - 3*v + 1. Let k = 18 - 16. Let w(t) = -t - 2*t**k + 4*t - 2 - 7*t**2 + 3*t. Let p(d) = -5*u(d) - 3*w(d). Determine p(3).
10
Let j(f) = -17*f - 2*f**2 + 19*f + 3 + 0 - 3 - 1. What is j(2)?
-5
Suppose 0 = 10*j - 5 - 35. Suppose 30*k = 34*k - j. Let z(h) be the second derivative of -h**5/5 + h**3/3 - h**2/2 - h. What is z(k)?
-3
Suppose -10*x = 4*x - 14. Let l(s) = -7*s**2 + s. Calculate l(x).
-6
Let x(l) = -11*l + 21137 + 3*l - 21139. Calculate x(-3).
22
Let i(x) = 2*x - 5. Let w(n) = -6*n + 14. Let g(u) = 7*i(u) + 2*w(u). Suppose -6 = 2*h + 8. Let o = 13 + h. Calculate g(o).
5
Let m(w) = w**3 - 13. Let b(h) = -49*h**2 - h. Let t be b(1). Let g be t/(-8) + (-1)/4. Suppose -p + g*p = 0. Determine m(p).
-13
Let n(j) be the third derivative of j**4/8 - 4*j**3/3 + j**2 - 35*j. Determine n(0).
-8
Let a(o) = 4*o - 5. Let d be ((-5)/(-6 + 11))/((-2)/24). Suppose -2*b - d = b. Give a(b).
-21
Let v(l) = 39*l**2 + 12*l + 2. Let h(b) = 29*b**2 + 14*b + 3. Let p(u) = -4*h(u) + 3*v(u). Determine p(20).
-6
Let a(o) be the first derivative of -1 + 6*o - o**2 + 1/6*o**4 + 0*o**3. Let q(k) be the first derivative of a(k). What is q(2)?
6
Let m(t) = t + 1. Let z(g) = -2*g**2 + 8*g + 4. Let l be z(4). Let a = 12 - l. Let k = a + -4. What is m(k)?
5
Let w(d) be the second derivative of -d**4/12 - 3*d**3/2 - 4*d**2 + 48*d - 5. Suppose -3*h = 2*h + 30. Calculate w(h).
10
Let s(l) = l + 7. Let m be s(-6). Let g(d) = -d**2 + d. Let t(a) = a**3 - 5*a**2 + 7*a - 14. Let r(z) = m*t(z) - 6*g(z). What is r(0)?
-14
Let n(o) = -2*o + 3. Let m = -17 - -8. What is n(m)?
21
Let m(p) = 7*p**2 + 6*p - 6. Let i(c) = -260*c**2 - 221*c + 221. Let a(o) = 6*i(o) + 221*m(o). Let q be (4/18*-3)/((-2)/3). Determine a(q).
-13
Let t be 2/(-10) + 416/(-520). Let p(j) = 7*j**3 + j**2 - 3*j - 3. Calculate p(t).
-6
Let q(z) be the second derivative of z**5/120 + 19*z**3/3 - 38*z. Let o(j) be the second derivative of q(j). What is o(6)?
6
Let n(y) be the first derivative of -2*y**2 + 17*y - 122. Determine n(5).
-3
Let w be 58/7 - (-4 - (-60)/14). Let z(a) = 5 - 2 - w*a + 4 - 11 - a**2. Let m = -3 + -4. Calculate z(m).
3
Let b(w) = -w**2 + 6*w. Let j be b(5). Suppose 7*x - 10*x + 6 = 0. Let p(s) = -3*s + x + 12*s - 6*s + 2 - s**2. Give p(j).
-6
Suppose -n + 6 = -9. Suppose 7*h - n = 2*h. Let a(u) = -2*u - 5 + 2 + 0 + 3 + 4. Give a(h).
-2
Let a = -159 - -160. Let r(z) = 4*z + 1. Calculate r(a).
5
Let f(t) be the third derivative of t**7/5040 + t**6/360 - 2*t**5/15 - 11*t**2. Let w(v) be the third derivative of f(v). What is w(5)?
7
Let k(b) = -b**3 - 5*b**2 + 7*b + 5. Let v be 7*10*(-6)/14. Let q be (1/3)/((-5)/v). Suppose 4*y + 2*t = -24, 4*t - t - 12 = q*y. Calculate k(y).
-1
Let g(u) = 40 + 44 - 130 + 2*u + 42 - u**2. Calculate g(0).
-4
Let b(z) = -11*z**3 + 4*z**2 - 2*z - 4. Let h(y) = -25*y**3 + 8*y**2 - 4*y - 9. Let u(f) = 9*b(f) - 4*h(f). Calculate u(-5).
-15
Let q(m) = -m**3 - 8*m**2 - 4*m + 3. Let v be ((-14)/(-6))/(7 + 198/(-27)). Give q(v).
-18
Suppose 4*p = 5*p - 2. Suppose 5*n - 15 = -5*w, -16 = -4*n + 4*w - 7*w. Let y(u) = u + p*u - 4*u - n*u**3 - 1 + 20*u**3. Determine y(-1).
-13
Let n(s) = -s + 12. Suppose -3*x + 3 = 3*q, -4*x + 2*q - 2 = -9*x. Calculate n(x).
12
Suppose -12 = 74*s - 77*s. Let y(v) = 0 + s + 0*v - 2*v + v. Determine y(3).
1
Let d(k) be the second derivative of k**5/20 + 5*k**4/12 + 5*k**3/6 + k**2 - 94*k. What is d(-3)?
5
Let t(r) be the second derivative of r**3/2 + 3*r**2 - 606*r. What is t(4)?
18
Let n(u) be th